3*p - 6, -m + 2*p + 4 = 1. Suppose m*f = -0*f + 102. What is the tens digit of f?
3
Let z(c) = -3*c**3 + 4*c**2 - 3*c + 1. Let w be z(3). What is the units digit of -5 - (3 - 4) - w?
9
Suppose 0 = -2*w + 56 + 66. What is the tens digit of w?
6
Let b(a) = 3*a**2 + 5*a + 15. What is the tens digit of b(-4)?
4
Let t(y) be the third derivative of -y**4/24 + y**3/6 + y**2. What is the units digit of t(-6)?
7
Suppose 3*p + 4 = 16. Suppose 5*k = -25, -p*j + 0*k = -4*k - 72. What is the units digit of j?
3
Let q be -3 + 6/3 - -51. Suppose 14*r = 19*r - q. What is the units digit of r?
0
Let t = 425 - 294. Suppose 0 = -u - 3*f + 20, -4*u - f + 6*f = -t. What is the tens digit of u?
2
Let i(x) = -3*x + 4. Let h be i(6). What is the units digit of 8/(-28) - 130/h?
9
Let s = 14 - -115. Let l = s + -89. What is the tens digit of l?
4
What is the hundreds digit of (-2 - -324)*7/14?
1
Suppose 4*l = -0*l + 164. What is the units digit of l?
1
Let m be 2 - (-1 - -2 - 37). Suppose -3*x = 2*n - m, -n + 34 = -0*x + 3*x. What is the tens digit of x?
1
Let q = -126 + 58. What is the units digit of q/(-10) - 4/(-20)?
7
Suppose -97 = -2*a - 3. What is the units digit of a?
7
Let j be ((-8)/10)/(4/(-10)). Let l = 1 - j. Let d = l - -6. What is the units digit of d?
5
Suppose 0 = -3*v + 7*v - 828. What is the hundreds digit of v?
2
Let m(w) = w - 6. Let k be m(-5). Let u = -8 - k. Suppose -2*l = 6, -2*l - 8 = -u*y + 10. What is the units digit of y?
4
What is the tens digit of -1 + (3 - 3) + 26?
2
Let l = -16 - -5. Let m be 12/66 + 35/l. Let h = 0 - m. What is the units digit of h?
3
Let o(w) = -w - 4. Let c be o(-3). Let s = 2 - c. What is the units digit of s?
3
Suppose 0 = -3*a - 9, -9 = -5*t + 3*t + a. Suppose -3*y - 27 = -3*w, 3*w - t*y = 4*w + 11. What is the units digit of w?
4
Suppose 0*o - o = 0. Suppose -d = -6 - 1. Suppose -l + d = -o*l. What is the units digit of l?
7
Let j(d) = -d. Let r be j(0). Let y(b) = b**3 - 10*b**2 + 10*b - 7. Let a be y(9). Let k = a - r. What is the units digit of k?
2
Suppose 4*l = -12, 5*l - 80 = 3*r - 8*r. What is the tens digit of r?
1
Let r = 42 + -41. What is the units digit of r?
1
Suppose 0 = -3*v - v - 16, 0 = -4*n + 5*v + 208. What is the tens digit of n?
4
Let l(c) = c**3 - 6*c**2 + 6*c - 6. Let k be l(5). Let j = 14 - k. What is the units digit of j*((-4)/3 - -2)?
0
Suppose -2*d = 2*q + 4, 2 + 0 = -5*d + 3*q. Let z = 0 - d. Suppose z - 8 = -j. What is the units digit of j?
7
What is the units digit of (10/(-15))/1*-30?
0
Let q(s) = -s**2 - 5*s + 1. Let r be (-1 - 2) + (2 - 3). Let n be q(r). What is the units digit of n/7 - (-4)/14?
1
Suppose 5*n = 4*n + 1. Suppose -2*l + 3*l - n = 0. What is the units digit of l?
1
Suppose -2*h = -6 - 2. Let a(g) = h*g + 0*g**2 + 3 + g**2 + 2*g. What is the units digit of a(-6)?
3
Suppose 2*w - 2*r - 3 = -5, 3*w + 4 = 4*r. Suppose -6*y + y - 30 = w. Let j(d) = -d**2 - 8*d - 9. What is the units digit of j(y)?
3
Suppose -7 - 3 = -5*f. What is the units digit of (-4*(f + 11))/(-2)?
6
Let a(d) = d**3 + 6*d**2 - 6*d - 6. Let s be a(-7). What is the units digit of 1/(-2 + s/(-6))?
6
Let p be (2 + (-1)/3)*15. Let j = -16 + p. What is the units digit of j?
9
What is the units digit of ((4 - 6/(-9)) + -4)*366?
4
Let p = 21 - 21. Suppose p*z = -2*z + 18. What is the units digit of z?
9
Let h(o) = o**3 - 7*o**2 + 2*o - 7. Let i be h(7). Let d = -5 + i. Let t = -1 + d. What is the units digit of t?
1
Let y(t) = 58*t**3 - 1. What is the units digit of y(1)?
7
Let h = 185 + -125. Suppose -2*u + 0*u + h = 0. What is the tens digit of u?
3
Let j = 4 + -3. Let w = j + -1. Suppose w = 4*n - 9*n + 40. What is the units digit of n?
8
Suppose -2*z + 2*k + k = -19, -3*k - 15 = 0. Suppose 0*h + z*h = 16. What is the units digit of h?
8
Let u = -3 + 4. What is the tens digit of u/6 - 505/(-30)?
1
Let z = 341 + -186. Let p be -2 - 11/(11/(-12)). What is the units digit of z/p + 3/(-2)?
4
Suppose 2*i - 108 - 1619 = -5*m, 1715 = 5*m + 5*i. What is the units digit of m?
7
Let v(r) = r - 5. What is the tens digit of v(21)?
1
Suppose 2*u - 54 - 4 = 0. What is the tens digit of u?
2
Let l be (-114)/(-9) - (-2)/6. Let x be (4/(-1))/((-2)/l). Suppose -5*s = -3*b - s + 35, -2*b + x = -4*s. What is the units digit of b?
9
Let s be 106/(-6) + (-6)/(-9). Let c be ((-2)/(-10))/(2/10). What is the tens digit of c*(1 + -2)*s?
1
Let o = -169 - -491. Suppose o = 4*u + 3*u. What is the tens digit of u?
4
Let p(j) = -j**3 - 3 + 2*j**3 + 6*j + 0 - 5*j**2. Let s be p(4). Suppose 2*r - 6 = -s*f, -r + 3 = -0*f + 2*f. What is the units digit of r?
3
Let z(k) = 2*k + 2. Let d be z(3). Let x(s) = -s**3 + 7*s**2 + 8*s + 10. Let j be x(d). Suppose -2*w - 1 = 5*p + j, -p + 7 = 5*w. What is the units digit of w?
2
Suppose 3*q + 2*m + 3 = 38, 0 = -q - 4*m + 15. Let x = q + 9. What is the units digit of x?
0
Let i(v) = 0 - 6 - 8*v - 6*v**2 + 2*v**3 - v**3 + 3*v. What is the units digit of i(7)?
8
Suppose 2*r + r = -24. Let k = r - -6. What is the units digit of k/9 + (-120)/(-54)?
2
Let t be -2 + 15/3 - -2. Suppose -2*l = -4*v - 7*l + 7, 0 = -v - t*l - 2. What is the units digit of v?
3
Suppose 3*j - 7 = -1. Suppose 6 = j*m - 2*s, 4*s - s = -5*m + 7. Suppose 5*z = -4*t + 48, t + m*z + 7 = 22. What is the units digit of t?
7
Suppose 5*q + 5*u = 137 - 2, 5*q - 138 = -4*u. Suppose -k + 4*k - q = 0. What is the tens digit of k?
1
Suppose 5*v + 4*k = 145, 4*v + 0*k + k - 127 = 0. Suppose 2*n - v = -n. What is the units digit of n?
1
What is the tens digit of (416/(-12))/(1/(-3))?
0
Let o be (-45)/3*(-2)/5. Suppose 16 = 5*t + 3*a, 4*t + a = 2*a + o. What is the tens digit of (1/t)/((-1)/(-34))?
1
Let r(h) = h + 3. Suppose 7*s = 2*s - 15. Let y be r(s). Suppose 0 = 6*k - 4*k + x - 28, -2*k + x + 20 = y. What is the units digit of k?
2
Let i(z) = z**2 + 2*z + 4. Let q be i(-3). What is the units digit of 18/81 - q/(-9)?
1
Let u be ((-2)/7)/((-2)/28). Suppose -3*i - 9 = 0, -4*i = u*r - 0*r - 40. What is the tens digit of r?
1
Suppose 0 = -i + 3*w - 6, -3*w - w + 12 = 0. Let g = i - -7. What is the tens digit of g?
1
Let h = -222 + 432. What is the units digit of h?
0
What is the hundreds digit of (91 + -23)/((-10)/(-8) + -1)?
2
Let r be 30/4*10/15. What is the units digit of (-6)/(-3) - (r + -23)?
0
Let q be (3 + -2)/((-3)/(-6)). Suppose -3*t = q*t - 65. What is the tens digit of t?
1
Let i = 14 + -7. What is the units digit of i?
7
Suppose -5*z + 4 = 9. Let o = -3 - z. What is the units digit of (28 + o)*(-1)/(-2)?
3
Let p = 50 + -34. Let r = p - -1. Suppose -z - 3*u + r = 3, 4*z + 4*u = 24. What is the units digit of z?
2
Suppose -9 = v + m, -4*v - 3*m + 18 = 55. Let k = 23 + v. What is the tens digit of k?
1
Suppose -41 = -5*q + t, -3 = -3*q + 5*t + 4. Suppose 0 = 4*s, -4*z - 45 = -q*z - s. What is the units digit of z?
9
Let d(p) = 8*p**2 + 12*p - 10. What is the tens digit of d(4)?
6
Suppose -132 = -6*a + 2*a. What is the tens digit of a?
3
Suppose 0 = p + 2*g - 136, 4*g + 436 = 3*p + 3*g. What is the units digit of p?
4
Suppose 0 = 5*m - 141 - 44. What is the units digit of m?
7
Suppose -4 = -2*m + 10. Suppose -2*j - 1 + m = 0. Suppose 75 = j*x + 12. What is the tens digit of x?
2
Let z = 515 + -232. What is the tens digit of z?
8
Suppose g + 3*v - 37 = -g, -3*g + 78 = -3*v. What is the units digit of g?
3
Let j(v) = -v**2 - 14*v + 2. Suppose 45 = -3*o - 0*w - 2*w, 4*w - 40 = 4*o. What is the tens digit of j(o)?
1
Suppose -3*p - 2*p + 9 = -3*o, 0 = 4*o - 4*p + 4. Suppose -5*t + r + 80 = 0, 0*t - o*r - 64 = -4*t. What is the units digit of t?
6
Let k(j) = 9*j - 26. What is the hundreds digit of k(16)?
1
What is the tens digit of -1 + (-3)/(-6)*82?
4
Suppose -2*k + 12 = -5*k. Let m be k/14 + 200/14. What is the tens digit of 234/m - (-2)/7?
1
Suppose -3*v + k - 61 = -0*v, 25 = -v - 2*k. Let f = -13 - v. What is the units digit of f/10*15/6?
2
What is the units digit of 2*(-3 + (-75)/(-6))?
9
Let y be 3/(1/(0 - -1)). Let j = y - -7. What is the tens digit of j?
1
Let c(j) = j + 12. Let z be c(-12). Suppose -5*u = -3*u - 3*v, z = 3*u - 4*v - 1. What is the units digit of u?
3
Suppose a - 2*q = -2, 1 = 3*a - 8*a + q. Suppose a = -5*t + 219 - 24. What is the tens digit of t?
3
Let c = 79 - 40. What is the tens digit of c?
3
Suppose -4*u = -9*u